of 9?
True
Is 21774 a multiple of 57?
True
Does 8 divide 63?
False
Does 25 divide 12475?
True
Is 83340 a multiple of 90?
True
Is 12 a factor of 31572?
True
Is 7137 a multiple of 21?
False
Does 86 divide 1954?
False
Is 11 a factor of 75?
False
Does 3 divide 315?
True
Does 15 divide 76254?
False
Does 67 divide 4060?
False
Is 80 a factor of 13171?
False
Is 351 a multiple of 39?
True
Is 20300 a multiple of 116?
True
Does 9 divide 2610?
True
Does 21 divide 334?
False
Is 1972 a multiple of 34?
True
Is 210 a multiple of 28?
False
Is 41 a multiple of 27?
False
Does 17 divide 711?
False
Does 14 divide 2380?
True
Is 884 a multiple of 34?
True
Is 27092 a multiple of 26?
True
Is 1430 a multiple of 26?
True
Is 219 a multiple of 13?
False
Is 2525 a multiple of 37?
False
Is 607 a multiple of 46?
False
Is 242 a multiple of 4?
False
Is 51 a factor of 6054?
False
Is 20350 a multiple of 43?
False
Does 11 divide 2585?
True
Is 479 a multiple of 10?
False
Does 5 divide 20743?
False
Is 820 a multiple of 82?
True
Is 31422 a multiple of 94?
False
Does 21 divide 1890?
True
Does 20 divide 771?
False
Is 33 a factor of 33120?
False
Is 131 a factor of 4978?
True
Does 87 divide 17922?
True
Is 522 a multiple of 6?
True
Is 24 a factor of 158?
False
Is 13 a factor of 1927?
False
Is 3526 a multiple of 82?
True
Is 60 a factor of 1260?
True
Is 1728 a multiple of 14?
False
Is 13 a factor of 22152?
True
Is 32 a factor of 840?
False
Does 39 divide 2804?
False
Is 5 a factor of 610?
True
Is 41 a multiple of 9?
False
Is 304 a factor of 60800?
True
Is 3961 a multiple of 13?
False
Does 11 divide 569?
False
Does 31 divide 4867?
True
Is 39 a factor of 6240?
True
Is 840 a multiple of 42?
True
Is 3040 a multiple of 40?
True
Is 26 a factor of 1091?
False
Does 4 divide 106?
False
Does 14 divide 1518?
False
Does 5 divide 20749?
False
Is 25 a factor of 123059?
False
Is 6 a factor of 8352?
True
Does 3 divide 12?
True
Is 2929 a multiple of 29?
True
Does 103 divide 6731?
False
Is 15 a factor of 889?
False
Is 23 a factor of 978?
False
Does 129 divide 28380?
True
Does 15 divide 1215?
True
Does 6 divide 42?
True
Does 14 divide 2794?
False
Is 2568 a multiple of 8?
True
Does 10 divide 5248?
False
Does 16 divide 44000?
True
Does 55 divide 63635?
True
Does 40 divide 2777?
False
Is 765 a multiple of 51?
True
Is 21 a factor of 13482?
True
Is 8625 a multiple of 12?
False
Does 3 divide 49?
False
Is 8 a factor of 622?
False
Is 42735 a multiple of 15?
True
Does 80 divide 4867?
False
Does 19 divide 198?
False
Does 35 divide 1504?
False
Is 260 a multiple of 52?
True
Is 33408 a multiple of 8?
True
Does 13 divide 3315?
True
Is 10 a factor of 21961?
False
Is 39094 a multiple of 22?
True
Does 14 divide 700?
True
Does 185 divide 31548?
False
Is 98 a multiple of 7?
True
Does 45 divide 135?
True
Is 190 a multiple of 19?
True
Is 18 a factor of 2635?
False
Does 9 divide 508?
False
Is 55 a factor of 4070?
True
Is 11 a factor of 693?
True
Is 15 a factor of 375?
True
Is 144 a multiple of 18?
True
Does 30 divide 39082?
False
Does 11 divide 1163?
False
Is 163 a multiple of 4?
False
Is 278 a multiple of 2?
True
Is 47 a factor of 512?
False
Is 10380 a multiple of 3?
True
Is 16 a factor of 4263?
False
Is 39 a factor of 6552?
True
Is 1072 a multiple of 8?
True
Does 13 divide 73702?
False
Is 891 a multiple of 9?
True
Does 33 divide 86?
False
Is 1869 a multiple of 21?
True
Is 6 a factor of 64?
False
Is 50946 a multiple of 21?
True
Is 4564 a multiple of 14?
True
Is 72 a factor of 4328?
False
Is 2379 a multiple of 13?
True
Is 17420 a multiple of 119?
False
Is 9 a factor of 837?
True
Does 15 divide 411?
False
Is 15 a factor of 9978?
False
Does 36 divide 30700?
False
Does 23 divide 528?
False
Is 17625 a multiple of 6?
False
Is 4590 a multiple of 17?
True
Is 1479 a multiple of 17?
True
Does 96 divide 60525?
False
Is 91 a factor of 15834?
True
Does 13 divide 27?
False
Does 15 divide 3531?
False
Is 2341 a multiple of 25?
False
Is 36124 a multiple of 22?
True
Is 15614 a multiple of 37?
True
Does 87 divide 957?
True
Is 2328 a multiple of 8?
True
Is 46214 a multiple of 10?
False
Does 18 divide 126?
True
Is 14 a factor of 15190?
True
Does 2 divide 1612?
True
Does 5 divide 8165?
True
Is 26796 a multiple of 25?
False
Is 2591 a multiple of 17?
False
Is 792 a multiple of 18?
True
Does 36 divide 15734?
False
Is 22 a factor of 14718?
True
Does 2 divide 51?
False
Is 9 a factor of 10007?
False
Is 583 a multiple of 54?
False
Is 1673 even?
False
Is 195 a multiple of 5?
True
Is 19 a factor of 703?
True
Does 29 divide 812?
True
Is 1408 a multiple of 10?
False
Does 7 divide 25385?
False
Is 1642 a multiple of 40?
False
Is 60145 a multiple of 87?
False
Is 5861 a multiple of 79?
False
Is 35 a factor of 4550?
True
Is 13 a factor of 1365?
True
Is 12 a factor of 348?
True
Is 21867 a multiple of 12?
False
Is 121 a factor of 64614?
True
Does 262 divide 16244?
True
Is 3234 a multiple of 6?
True
Is 1632 a multiple of 24?
True
Is 3641 a multiple of 11?
True
Is 9722 a multiple of 13?
False
Does 39 divide 62116?
False
Is 936 a multiple of 36?
True
Is 4991 a multiple of 31?
True
Is 760 a multiple of 6?
False
Is 28 a multiple of 10?
False
Does 36 divide 2304?
True
Is 489 a multiple of 7?
False
Does 52 divide 639?
False
Is 3653 a multiple of 34?
False
Does 6 divide 4698?
True
Does 71 divide 767?
False
Is 1335 a multiple of 25?
False
Is 144 a multiple of 12?
True
Does 59 divide 2242?
True
Does 5 divide 135?
True
Does 12 divide 1356?
True
Is 24 a factor of 28896?
True
Is 113 a factor of 25082?
False
Is 32886 a multiple of 42?
True
Is 24 a factor of 1439?
False
Is 6 a factor of 99?
False
Is 4 a factor of 1064?
True
Does 7 divide 6349?
True
Does 58 divide 13505?
False
Is 468 a multiple of 13?
True
Is 19 a factor of 285?
True
Is 780 a multiple of 6?
True
Is 6727 a multiple of 12?
False
Is 19296 a multiple of 72?
True
Does 141 divide 386?
False
Is 4 a factor of 356?
True
Is 56376 a multiple of 216?
True
Does 5 divide 352?
False
Is 48 a factor of 3748?
False
Is 14224 a multiple of 112?
True
Is 43 a factor of 4085?
True
Is 15 a factor of 14940?
True
Is 3948 a multiple of 64?
False
Is 94 a factor of 3384?
True
Is 469 a multiple of 38?
False
Does 49 divide 237?
False
Is 8 a factor of 18696?
True
Is 135 a factor of 4320?
True
Is 54 even?
True
Is 315 a factor of 15120?
True
Is 272 a multiple of 8?
True
Is 2843 a multiple of 7?
False
Is 7922 a multiple of 25?
False
Is 123 a factor of 9348?
True
Does 22 divide 517?
False
Is 66 a factor of 120912?
True
Does 104 divide 1560?
True
Is 7 a factor of 1589?
True
Does 4 divide 4?
True
Does 31 divide 35991?
True
Is 164 a factor of 26896?
True
Does 7 divide 423?
False
Does 7 divide 161?
True
Is 815 a multiple of 3?
False
Does 27 divide 226?
False
Does 11 divide 275?
True
Is 13 a factor of 3698?
False
Is 7580 a multiple of 50?
False
Is 37 a factor of 16243?
True
Does 14 divide 4606?
True
Is 21399 a multiple of 135?
False
Does 12 divide 79747?
False
Does 9 divide 576?
True
Does 129 divide 18963?
True
Is 637 a multiple of 11?
False
Is 966 a multiple of 6?
True
Does 9 divide 13464?
True
Is 12 a factor of 1200?
True
Is 35 a factor of 2576?
False
Is 1952 a multiple of 8?
True
Is 51 a factor of 6579?
True
Does 37 divide 1295?
True
Is 7 a factor of 7462?
True
Is 22 a factor of 1166?
True
Is 3 a factor of 1219?
False
Is 4 a factor of 60?
True
Does 3 divide 444?
True
Is 426 a multiple of 135?
False
Is 80 a factor of 2400?
True
Is 79 a multiple of 3?
False
Does 22 divide 154?
True
Is 168 a factor of 128241?
False
Is 1187 a multiple of 8?
False
Is 186 even?
True
Is 1140 a multiple of 10?
True
Does 10 divide 360?
True
Does 3 divide 467?
False
Is 312 a multiple of 54?
False
Is 90 a factor of 8561?
False
Is 223 a multiple of 4?
False
Is 22 a factor of 18238?
True
Does 4 divide 231?
False
Is 67 a factor of 6656?
False
Does 43 divide 79844?
False
Does 63 divide 1638?
True
Is 7 a factor of 799?
False
Is 3 a factor of 1194?
True
Does 56 divide 25592?
True
Is 2 a factor of 3540?
True
Is 22 a factor of 2948?
True
Is 12 a factor of 519?
False
Does 51 divide 1326?
True
Is 4 a factor of 48?
True
Does 10 divide 2240?
True
Does 68 divide 612?
True
Is 88 a factor of 67144?
True
Is 100 a factor of 38500?
True
Is 30 a factor of 2580?
True
Does 12 divide 10285?
False
Is